en 978 is divided by 253.
219
Calculate the remainder when 7037 is divided by 74.
7
Calculate the remainder when 123854 is divided by 16.
14
What is the remainder when 210752 is divided by 167?
165
Calculate the remainder when 45614 is divided by 333.
326
What is the remainder when 42085 is divided by 13970?
175
Calculate the remainder when 569740 is divided by 15826.
4
What is the remainder when 38735 is divided by 12901?
32
Calculate the remainder when 51100 is divided by 6363.
196
Calculate the remainder when 53863 is divided by 8966.
67
What is the remainder when 2542 is divided by 47?
4
What is the remainder when 155678 is divided by 278?
276
Calculate the remainder when 177892 is divided by 20.
12
What is the remainder when 9292 is divided by 206?
22
Calculate the remainder when 232761 is divided by 119.
116
Calculate the remainder when 11222 is divided by 361.
31
Calculate the remainder when 4726 is divided by 531.
478
Calculate the remainder when 2405 is divided by 905.
595
Calculate the remainder when 25690 is divided by 125.
65
What is the remainder when 315 is divided by 126?
63
Calculate the remainder when 2146 is divided by 1235.
911
What is the remainder when 105190 is divided by 1073?
36
What is the remainder when 5024 is divided by 1667?
23
Calculate the remainder when 1523 is divided by 385.
368
What is the remainder when 3989 is divided by 575?
539
Calculate the remainder when 1873166 is divided by 18.
14
What is the remainder when 181136 is divided by 7?
4
Calculate the remainder when 3331 is divided by 89.
38
Calculate the remainder when 1644 is divided by 19.
10
What is the remainder when 3927 is divided by 1238?
213
Calculate the remainder when 14998 is divided by 79.
67
Calculate the remainder when 3119 is divided by 173.
5
Calculate the remainder when 285840 is divided by 498.
486
What is the remainder when 35805 is divided by 4462?
109
What is the remainder when 8993 is divided by 94?
63
What is the remainder when 507 is divided by 340?
167
Calculate the remainder when 5128 is divided by 68.
28
Calculate the remainder when 108864 is divided by 54421.
22
Calculate the remainder when 10810 is divided by 195.
85
What is the remainder when 69046 is divided by 4603?
1
Calculate the remainder when 152414 is divided by 31.
18
What is the remainder when 1039374 is divided by 15?
9
What is the remainder when 160651 is divided by 170?
1
Calculate the remainder when 63207 is divided by 400.
7
What is the remainder when 79440 is divided by 845?
10
Calculate the remainder when 4299 is divided by 599.
106
Calculate the remainder when 4550 is divided by 1425.
275
Calculate the remainder when 127394 is divided by 728.
722
What is the remainder when 1691230 is divided by 117?
112
Calculate the remainder when 12364 is divided by 2059.
10
What is the remainder when 11049 is divided by 505?
444
What is the remainder when 1696649 is divided by 63?
59
What is the remainder when 1679 is divided by 241?
233
What is the remainder when 38263 is divided by 14?
1
Calculate the remainder when 5827 is divided by 162.
157
Calculate the remainder when 533123 is divided by 371.
367
What is the remainder when 1117728 is divided by 11?
7
What is the remainder when 849953 is divided by 354?
353
Calculate the remainder when 10803 is divided by 277.
0
Calculate the remainder when 19536 is divided by 81.
15
Calculate the remainder when 39230 is divided by 1234.
976
What is the remainder when 451210 is divided by 19?
17
Calculate the remainder when 51936 is divided by 3246.
0
Calculate the remainder when 44255 is divided by 31.
18
Calculate the remainder when 3983 is divided by 795.
8
Calculate the remainder when 53458 is divided by 164.
158
What is the remainder when 7536 is divided by 577?
35
Calculate the remainder when 9461 is divided by 306.
281
Calculate the remainder when 2480048 is divided by 143.
142
What is the remainder when 28817 is divided by 14406?
5
What is the remainder when 134180 is divided by 10321?
7
Calculate the remainder when 42762 is divided by 5.
2
What is the remainder when 6221 is divided by 1392?
653
What is the remainder when 504 is divided by 147?
63
Calculate the remainder when 2972 is divided by 212.
4
What is the remainder when 11120 is divided by 227?
224
Calculate the remainder when 16357 is divided by 5441.
34
Calculate the remainder when 385304 is divided by 15.
14
What is the remainder when 6876 is divided by 6306?
570
Calculate the remainder when 4426 is divided by 280.
226
What is the remainder when 35331 is divided by 38?
29
Calculate the remainder when 35545 is divided by 17.
15
What is the remainder when 1024765 is divided by 93?
91
Calculate the remainder when 120679 is divided by 56.
55
What is the remainder when 2658 is divided by 571?
374
Calculate the remainder when 6307 is divided by 3.
1
What is the remainder when 856 is divided by 105?
16
Calculate the remainder when 15864 is divided by 58.
30
What is the remainder when 567678 is divided by 51?
48
Calculate the remainder when 6315 is divided by 3152.
11
Calculate the remainder when 97374 is divided by 358.
356
Calculate the remainder when 2534 is divided by 540.
374
What is the remainder when 59794 is divided by 69?
40
What is the remainder when 11714 is divided by 14?
10
What is the remainder when 5202 is divided by 115?
27
What is the remainder when 3282 is divided by 732?
354
What is the remainder when 14700 is divided by 8?
4
What is the remainder when 6443 is divided by 892?
199
What is the remainder when 1064 is divided by 523?
18
Calculate the remainder when 882 is divided by 396.
90
Calculate the remainder when 27373 is divided by 1610.
3
What is the remainder when 5171 is divided by 1282?
43
What is the remainder when 142953 is divided by 6?
3
Calculate the remainder when 65657 is divided by 469.
466
Calculate the remainder when 1277113 is divided by 79.
78
Calculate the remainder when 611815 is divided by 87.
31
What is the remainder when 8937 is divided by 20?
17
Calculate the remainder when 38570 is divided by 282.
218
Calculate the remainder when 575313 is divided by 54.
51
What is the remainder when 667 is divided by 19?
2
Calculate the remainder when 145218 is divided by 16131.
39
Calculate the remainder when 41045 is divided by 51.
41
Calculate the remainder when 83578 is divided by 68.
6
What is the remainder when 1650 is divided by 824?
2
What is the remainder when 3670 is divided by 883?
138
Calculate the remainder when 24045 is divided by 7.
0
What is the remainder when 104937 is divided by 10?
7
Calculate the remainder when 279293 is divided by 525.
518
What is the remainder when 6383 is divided by 304?
303
Calculate the remainder when 52704 is divided by 644.
540
Calculate the remainder when 60190 is divided by 209.
207
What is the remainder when 7425 is divided by 938?
859
What is the remainder when 19268 is divided by 9550?
168
What is the remainder when 225549 is divided by 74?
71
What is the remainder when 5751 is divided by 43?
32
What is the remainder when 1689 is divided by 167?
19
What is the remainder when 3589 is divided by 359?
358
What is the remainder when 2365 is divided by 971?
423
What is the remainder when 19645 is divided by 2806?
3
Calculate the remainder when 1216 is divided by 112.
96
Calculate the remainder when 124890 is divided by 154.
150
Calculate the remainder when 5381 is divided by 23.
22
What is the remainder when 37614 is divided by 1180?
1034
What is the remainder when 352704 is divided by 117559?
27
Calculate the remainder when 92436 is divided by 15405.
6
Calculate the remainder when 248865 is divided by 669.
666
Calculate the remainder when 2684 is divided by 440.
44
What is the remainder when 179438 is divided by 1693?
1673
What is the remainder when 8510 is divided by 3452?
1606
Calculate the remainder when 341 is divided by 110.
11
What is the remainder when 1430128 is divided by 19?
17
What is the remainder when 90499 is divided by 68?
59
Calculate the remainder when 35105 is divided by 1955.
1870
Calculate the remainder when 265841 is divided by 66457.
13
What is the remainder when 4208 is divided by 643?
350
What is the remainder when 814 is divided by 114?
16
Calculate the remainder when 67